12
Calculate the remainder when 503 is divided by 13.
9
What is the remainder when 72 is divided by 11?
6
What is the remainder when 169 is divided by 36?
25
What is the remainder when 339 is divided by 101?
36
Calculate the remainder when 2840 is divided by 58.
56
What is the remainder when 6761 is divided by 154?
139
Calculate the remainder when 606 is divided by 38.
36
Calculate the remainder when 313 is divided by 45.
43
Calculate the remainder when 655 is divided by 58.
17
Calculate the remainder when 648 is divided by 179.
111
Calculate the remainder when 103 is divided by 13.
12
Calculate the remainder when 353 is divided by 346.
7
Calculate the remainder when 81 is divided by 28.
25
Calculate the remainder when 39 is divided by 15.
9
Calculate the remainder when 331 is divided by 83.
82
What is the remainder when 356 is divided by 66?
26
Calculate the remainder when 478 is divided by 116.
14
What is the remainder when 4538 is divided by 71?
65
What is the remainder when 349 is divided by 45?
34
What is the remainder when 66 is divided by 27?
12
What is the remainder when 1154 is divided by 335?
149
Calculate the remainder when 151 is divided by 32.
23
What is the remainder when 164 is divided by 17?
11
Calculate the remainder when 197 is divided by 34.
27
Calculate the remainder when 1051 is divided by 13.
11
What is the remainder when 660 is divided by 18?
12
Calculate the remainder when 4762 is divided by 56.
2
What is the remainder when 1066 is divided by 119?
114
What is the remainder when 18 is divided by 14?
4
Calculate the remainder when 412 is divided by 146.
120
What is the remainder when 557 is divided by 43?
41
What is the remainder when 1823 is divided by 205?
183
Calculate the remainder when 391 is divided by 198.
193
Calculate the remainder when 382 is divided by 55.
52
Calculate the remainder when 165 is divided by 8.
5
What is the remainder when 715 is divided by 3?
1
What is the remainder when 1547 is divided by 1521?
26
What is the remainder when 2351 is divided by 49?
48
What is the remainder when 180 is divided by 31?
25
Calculate the remainder when 298 is divided by 24.
10
What is the remainder when 729 is divided by 43?
41
Calculate the remainder when 5759 is divided by 17.
13
What is the remainder when 105 is divided by 47?
11
What is the remainder when 102 is divided by 36?
30
What is the remainder when 460 is divided by 21?
19
What is the remainder when 16124 is divided by 192?
188
What is the remainder when 303 is divided by 8?
7
Calculate the remainder when 550 is divided by 271.
8
What is the remainder when 18069 is divided by 139?
138
Calculate the remainder when 1690 is divided by 70.
10
What is the remainder when 198 is divided by 67?
64
What is the remainder when 3103 is divided by 26?
9
What is the remainder when 5420 is divided by 187?
184
Calculate the remainder when 631 is divided by 20.
11
Calculate the remainder when 188 is divided by 8.
4
What is the remainder when 1014 is divided by 127?
125
Calculate the remainder when 61 is divided by 19.
4
Calculate the remainder when 249 is divided by 64.
57
What is the remainder when 2130 is divided by 42?
30
What is the remainder when 159 is divided by 78?
3
Calculate the remainder when 1473 is divided by 87.
81
What is the remainder when 234 is divided by 36?
18
What is the remainder when 143 is divided by 133?
10
Calculate the remainder when 296 is divided by 27.
26
Calculate the remainder when 279 is divided by 4.
3
What is the remainder when 359 is divided by 50?
9
Calculate the remainder when 179 is divided by 26.
23
Calculate the remainder when 515 is divided by 29.
22
Calculate the remainder when 595 is divided by 43.
36
What is the remainder when 37 is divided by 25?
12
Calculate the remainder when 5689 is divided by 16.
9
What is the remainder when 21905 is divided by 327?
323
What is the remainder when 1959 is divided by 78?
9
What is the remainder when 3617 is divided by 24?
17
What is the remainder when 1212 is divided by 45?
42
Calculate the remainder when 1625 is divided by 74.
71
What is the remainder when 216 is divided by 44?
40
What is the remainder when 135 is divided by 8?
7
What is the remainder when 213 is divided by 36?
33
What is the remainder when 1120 is divided by 364?
28
What is the remainder when 1415 is divided by 13?
11
Calculate the remainder when 6563 is divided by 14.
11
What is the remainder when 351 is divided by 78?
39
Calculate the remainder when 95 is divided by 20.
15
What is the remainder when 100 is divided by 25?
0
Calculate the remainder when 4696 is divided by 127.
124
Calculate the remainder when 1095 is divided by 15.
0
What is the remainder when 189 is divided by 66?
57
What is the remainder when 450 is divided by 26?
8
What is the remainder when 35 is divided by 9?
8
What is the remainder when 1964 is divided by 190?
64
Calculate the remainder when 454 is divided by 215.
24
Calculate the remainder when 81 is divided by 9.
0
Calculate the remainder when 1375 is divided by 295.
195
Calculate the remainder when 198 is divided by 87.
24
What is the remainder when 216 is divided by 199?
17
Calculate the remainder when 27 is divided by 16.
11
What is the remainder when 6634 is divided by 170?
4
Calculate the remainder when 150 is divided by 38.
36
What is the remainder when 1738 is divided by 579?
1
Calculate the remainder when 3839 is divided by 124.
119
What is the remainder when 155 is divided by 12?
11
Calculate the remainder when 157 is divided by 23.
19
Calculate the remainder when 1214 is divided by 388.
50
What is the remainder when 3694 is divided by 168?
166
What is the remainder when 120 is divided by 69?
51
Calculate the remainder when 707 is divided by 5.
2
What is the remainder when 240 is divided by 27?
24
Calculate the remainder when 317 is divided by 167.
150
Calculate the remainder when 143 is divided by 41.
20
Calculate the remainder when 1153 is divided by 15.
13
What is the remainder when 1821 is divided by 597?
30
Calculate the remainder when 26 is divided by 6.
2
Calculate the remainder when 812 is divided by 37.
35
Calculate the remainder when 52 is divided by 28.
24
Calculate the remainder when 309 is divided by 39.
36
What is the remainder when 6792 is divided by 41?
27
Calculate the remainder when 472 is divided by 60.
52
What is the remainder when 220 is divided by 5?
0
What is the remainder when 354 is divided by 21?
18
What is the remainder when 47 is divided by 8?
7
Calculate the remainder when 46 is divided by 41.
5
Calculate the remainder when 14026 is divided by 169.
168
What is the remainder when 2119 is divided by 7?
5
What is the remainder when 357 is divided by 177?
3
What is the remainder when 633 is divided by 5?
3
What is the remainder when 264 is divided by 47?
29
What is the remainder when 73 is divided by 26?
21
Calculate the remainder when 610 is divided by 4.
2
Calculate the remainder when 353 is divided by 83.
21
Calculate the remainder when 1780 is divided by 99.
97
What is the remainder when 17694 is divided by 112?
110
Calculate the remainder when 72 is divided by 14.
2
What is the remainder when 319 is divided by 14?
11
Calculate the remainder when 20623 is divided by 125.
123
Calculate the remainder when 132 is divided by 20.
12
What is the remainder when 36 is divided by 26?
10
What is the remainder when 285 is divided by 83?
36
What is the remainder when 78 is divided by 21?
15
What is the remainder when 859 is divided by 413?
33
What is the remainder when 1881 is divided by 12?
9
Calculate the remainder when 238 is divided by 40.
38
What is the remainder when 757 is divided by 43?
26
What is the remainder when 4176 is divided by 5?
1
Calculate the remainder when 129 is divided by 11.
8
Calculate the remainder when 1885 is divided by 59.
56
What is the remainder when 1629 is divided by 535?
24
Calculate the remainder when 798 is divided by 260.
18
What is the remainder when 155 is divided by 9?
2
Calculate the remainder when 252 is divided by 16.
12
Calculate the remainder when 1362 is divided by 44.
42
What is the remainder when 574 is divided by 9?
7
What is the remainder when 5981 is divided by 2986?
9
Calculate the remainder when 2374 is divided by 196.